 be a(t). Let m(b) = 5*b - 5. Give m(c).
15
Suppose l + 2*h + 8 = 0, -3*l + 4*l + 4*h + 12 = 0. Let q be 4 - -2*l/(-8). Let t(b) = -320*b**2 + 321*b**2 - b + q*b. Give t(-3).
-3
Suppose -k + 3 = 1. Let f(v) = -2*v + 7*v - 4*v + 3*v + 2*v**k. Suppose -2*u = 4*g + 2, 5*u = 3*g - 4*g - 14. Determine f(u).
6
Let q(b) = 11*b**2 + 2*b + 1. Let y be (-2*5/(-30))/((-3)/9). What is q(y)?
10
Let z(w) = -5*w**3 + 38*w**2 - 30*w + 9. Let m(q) = -2*q**3 + 13*q**2 - 10*q + 3. Let u(t) = 8*m(t) - 3*z(t). What is u(-11)?
8
Let j(t) = 2*t**2 + 6*t + 6. Let k be (-6)/12*(-5)/((-15)/18). Let r(o) = o**2 + 5*o + 7. Let p(w) = k*r(w) + 2*j(w). Give p(7).
19
Let a(u) = -u**3 + 3*u**2 + 5*u - 3. Let c be (-8)/(-24)*-6*2. Let w be c/(-8) + (-21)/(-6). Calculate a(w).
1
Let r(n) = n**3 + 6*n**2 + 0*n**3 + 9*n + 3*n**2 - 3 + 10*n**3 - 12*n**3. Give r(10).
-13
Let t(z) = 7 + 7*z - 12 - 1 + 9*z. Let o be t(-2). Let k = o + 33. Let n(d) = -d**2 - 5*d + 5. Give n(k).
5
Suppose 2*n = -2*n - 24. Suppose 15*a = 11*a + 4. Let x(g) = -a - 17*g - 7 + 10*g - g**2. Calculate x(n).
-2
Suppose n + w = -1, -3*n + 6*w = 4*w + 23. Let k(j) = 2*j - 2. What is k(n)?
-12
Let f(j) = j - 8. Let c = 179 + -144. Let w be (-190)/(-35) - (-20)/c. Determine f(w).
-2
Let j(z) = -3*z - 18. Suppose 124*k - 112*k + 96 = 0. Calculate j(k).
6
Let x(o) = -o**2 + 4*o + 6. Let b(y) = 5 - 3 - 4 + y + 3. Let t(d) = -6*b(d) + x(d). What is t(-2)?
0
Let c(p) be the second derivative of p**5/20 - 5*p**4/12 - p**3 + p**2/2 + 55*p. Determine c(6).
1
Let d(x) be the second derivative of x**4/12 - 2*x**3/3 - 4*x**2 - 323*x. Suppose -5*y = 0, -18 = -0*b - 3*b + 3*y. Give d(b).
4
Let l(k) = -k**2 - 5. Let j(g) = -g**3 + 4*g**2 + g + 14. Let w(a) = -j(a) - 5*l(a). Give w(0).
11
Let g be -1 + -6 + -2*2. Let r be g/(-44) - 30/(-8). Let n(p) = -2*p - 1. What is n(r)?
-9
Let x(t) be the second derivative of -t**4/12 - 5*t**3/3 - 9*t**2/2 + 74*t. What is x(-9)?
0
Let h(a) = 5*a**2 - a. Let s(u) = 45*u**2 - 2*u - 2. Let i be s(-1). Let y = 46 - i. Give h(y).
4
Let m(f) = -8*f - 12. Let u be m(4). Let y = -40 - u. Let a(h) = -4*h + 1. What is a(y)?
-15
Let v(f) = -24*f - 40. Let l be v(-2). Let g(o) = -o - 1. Calculate g(l).
-9
Let l(q) = -q**2 - 2 - q**3 + 2*q**2 - q + 2*q**3 + 5*q**2. Let a be l(-6). Suppose 0 = -o - o - a. Let g(p) = -4*p - 3. Give g(o).
5
Let g(x) = -x**2 + 5*x + 1. Let w = -59 - -35. Let j = w + 29. Give g(j).
1
Let s(l) be the third derivative of l**5/60 - 5*l**4/12 + l**3/3 - 5*l**2 - 9. Determine s(8).
-14
Let w be -3 + 5 + -3 + -5. Let f(x) = -2*x + 4. Let j(l) = -l + 2. Let r(n) = w*j(n) + 2*f(n). Calculate r(-6).
-16
Let q(k) = -34*k + 39. Let v(d) = 16*d - 20. Let y(h) = 6*q(h) + 13*v(h). Calculate y(8).
6
Let p(n) = -n - 1. Let c(u) = -4*u - 16. Let d(r) = -3*c(r) + 48*p(r). Calculate d(-1).
36
Let h(s) = -7*s**3 - 2*s**2 - s. Let u(q) = -q**2 + q + 30. Let k be u(6). Let p be ((-4)/6)/(k - (-4)/6). What is h(p)?
6
Let g(j) = -j**2 + j + 8. Let m = 8 + -3. Suppose 0 = -0*d - 2*d + m*l - 21, 4*d - 4*l + 12 = 0. Suppose -z = -5*z - d*r + 4, -4*z + r = 2. What is g(z)?
8
Let n = -835 - -832. Let s(x) = -8*x - 5. Determine s(n).
19
Let v(q) = q - 8. Let d = 107 + -101. Calculate v(d).
-2
Let z(t) = -238 + 230 + t - 2*t - 3*t. What is z(-6)?
16
Suppose 5*i - 2*i - 10 = 2*r, 5*i - 6 = -2*r. Let c(o) = -5*o - 9. Let q be c(-3). Let z(h) = q - i + 4*h - 2 - 1. Determine z(-3).
-11
Suppose -z - 7 = -1. Let u = 50 + -46. Let h(w) = 3*w + 49 - u*w - 24 - 28. Calculate h(z).
3
Let v = 2 - -22. Suppose -3*h + v = -0. Let s(g) = g - 17. What is s(h)?
-9
Let g(m) = 2. Let f(u) = 1. Let x(z) = -3*f(z) + g(z). Let j(s) = -7*s - 9. Let d(a) = j(a) - 4*x(a). What is d(-4)?
23
Suppose y - 7 = -d, 10*d - 5*d = 5*y - 15. Let z(p) = -p**2 + p + 16. Calculate z(y).
-4
Let l(r) = -35*r**2 - 2*r + 6. Let t(c) = -16*c**2 - c + 3. Let v(q) = 4*l(q) - 9*t(q). Give v(-3).
30
Let p(n) = n + 7. Let c(g) = g + 10. Let q(m) = -5*c(m) + 7*p(m). Suppose -4*k - 20 = -2*r, -k + 13 = 3*r - 3. Let t be (1 + 0)/(r/6). Determine q(t).
1
Let r(p) = p**2 + 16*p + 18. Let w(a) = a**3 + 17*a**2 + 31*a + 2. Let j be w(-15). Calculate r(j).
-21
Let c(i) = -3*i**3 + 12*i**2 + 7*i - 52. Let d be c(3). Let h(x) = -x - 2. Let g be h(-4). Let t(m) = 4*m**2 + 6 - m**2 + 7*m - g*m**2. What is t(d)?
-6
Let j(z) = z - 14. Let u be j(8). Let d(a) = -8*a**2 + 7*a + 6. Let x(n) = -3*n**2 + 2*n + 2. Let b(q) = 4*d(q) - 11*x(q). Give b(u).
2
Let k(z) = -z + 4. Let n(a) = -2 + 2*a - a - 2. Let o(r) = -r**3 - r**2 + 4. Let i be o(0). Let v(c) = i*n(c) + 5*k(c). Calculate v(6).
-2
Let w(s) = 2*s**3 - s**2 + 5*s. Let y(b) = -11*b**3 + 14*b**2 - 33*b - 7. Let j(h) = -6*w(h) - y(h). Suppose 0 = p - 5*l - 17, 3*l + 2*l + 33 = -p. Give j(p).
-17
Let w(g) = 3*g. Suppose 0 = -23*i + 25 - 71. What is w(i)?
-6
Let o(r) = -6 - 238*r + 3*r**3 - 8*r**2 - 4*r**3 - 16*r**2 + 0*r**3 + 194*r. Calculate o(-22).
-6
Let v(q) = q**2 + 12. Suppose f - 5*f - 4*l = 112, 2*f = -5*l - 47. Let d = f - -31. Give v(d).
12
Suppose -g - 3*v + 8 = 0, -3*v + 1 + 12 = -4*g. Suppose -2*u = -2*i + 4, -2*u + 0*u = 3*i - 11. Let k(o) = -4*o + 4*o + 2*o + 1 - 2*o**i. Calculate k(g).
1
Let b(f) = 5*f + 26. Let c be b(-5). Let l(x) = 11*x**2 - x. Calculate l(c).
10
Suppose -30 - 6 = 6*y. Let j(h) = -h**2 - 4*h + 6. Give j(y).
-6
Let x be (36/21 + -2)*-7. Let p = 0 + x. Let c(j) = -j**3 - 2*j**2 - 4*j + 3. Let l(k) = k**3 + k**2 + k. Let z(i) = -c(i) - 2*l(i). Determine z(p).
-7
Suppose -5*u = 3*a + 2, -3*a + 3*u = -0*a - 6. Suppose -x = -4*x + 9. Let b(f) = 0 - a + 2 + x*f - f. Give b(4).
9
Let d be 48/36*(-9)/2. Let g = d - -12. Let f(m) = m**3 - 7*m**2 + 6*m + 1. Calculate f(g).
1
Let q be 8 - (-1*6)/(-2). Let z(p) = -p + 2 - q*p - 3 + 4*p. What is z(-5)?
9
Let p(g) = -g**3 + 10*g**2 + 30*g - 76. Let n be p(12). Let f(a) = -a**2 - 4*a - 2. Determine f(n).
-2
Let x(m) be the third derivative of -m**4/24 + 2*m**3/3 + 254*m**2 - m. What is x(-5)?
9
Let d(p) = p**3 - 2*p**2 - p. Suppose -24*r - 4 = -20*r. What is d(r)?
-2
Let q(h) = h**2 - 11*h - 10. Let i be q(12). Let d(a) = 1 + a - 4 - 4 + i. Suppose 2*u - 15 + 1 = 0. Calculate d(u).
2
Let n(y) = 3*y**3 - 5*y**2 + 3*y - 2. Let h(w) = -w**3 - w + 1. Let m(l) = -4*h(l) - n(l). Suppose -3*a = a - 16. Suppose -a*p - 15 = p. Give m(p).
13
Let d(i) = -i + 1. Let r(l) = -l**2 - 6*l - 20. Let g be r(-4). What is d(g)?
13
Let h(j) = -2*j**2 + 2*j + 30. Let z(o) = 4*o**2 - 3*o - 51. Let v(r) = -5*h(r) - 3*z(r). Determine v(2).
-7
Let k(r) be the second derivative of -r**3/2 - 5*r**2/2 - 2*r. Let c = 8 - 6. Let d be -1 + c + (-105)/21. Determine k(d).
7
Let k(l) = -l - 5. Suppose 3*n - 16 - 5 = 0. What is k(n)?
-12
Let g(j) be the first derivative of 3/2*j**2 + 32 - 2/3*j**3 + j. What is g(3)?
-8
Let r(t) = t**2 + 1. Suppose -8*l = l - 513. Let k = l - 61. Determine r(k).
17
Let h be ((-5)/((-25)/(-4)))/((-4)/20). Let l(y) be the first derivative of -9 - 4*y**2 - 5/3*y**3 + 4*y + 1/4*y**h. Determine l(6).
-8
Let k(q) = q**3 + 6*q**2 - 6*q - 5. Let p(t) be the first derivative of -t**4/4 + 2*t**3 - 2*t**2 - 12*t + 16. Let a be p(5). Determine k(a).
-12
Let x(b) = 5*b**2 - 8. Let i(z) = 4*z**2 - 7. Let k(j) = -6*i(j) + 5*x(j). Suppose -140 = 3*w + 85. Let l = w - -75. What is k(l)?
2
Let p(n) = n**3 + 3*n**2 + 4*n - 14. Let g(k) = 3*k**3 + 5*k**2 + 9*k - 27. Let j(v) = -2*g(v) + 5*p(v). Calculate j(5).
-6
Let f(z) = 2*z - 7. Suppose 0 = -3*y + 3 - 12. Let b(k) be the second derivative of k**3/6 - 4*k**2 - 5*k. Let l(w) = y*b(w) + 2*f(w). What is l(-5)?
5
Suppose 5 = -5*l + 45. Let b(h) be the first derivative of -h**4/4 + 8*h**3/3 + h**2 - 10*h - 64. Calculate b(l).
6
Let j(c) = -c**3 + c**2 + c - 2. Suppose 2*d - 2 = -0*d. Suppose 0 = 7*t - d - 6. Let q be (-4)/t - 4/(-1). Give j(q).
-2
Let k(q) be the second derivative of q**6/720 + q**5/120 - q**4/4 - 16*q. Let x(r) be the third derivative of k(r). Calculate x(-5).
-4
Suppose p + 0*p - 1 = 0. Suppose p = k + 4. Let a(w) = 6*w**2 - 14*w + 7. Let r(j) = -5*j**2 + 12*j - 6. Let t(d) = -6*a(d) - 7*r(d). Determine t(k).
-9
Let h(m) = 10*m**3 + 32*m**2 + 24*m + 11. Let l(f) = 7*f**3 + 22*f**2 + 17*f + 7. Let v(r) = -5*h(r) + 7*l(r). What is v(-6)?
0
Suppose -2*q + 16 = 2*q. Let d(p) = -p - 4. Let k be d(-6